m be 4/7 - (-162)/378. Let y(x) = 3*x - 8*x + x. Calculate y(m).
-4
Let r(b) = -4*b - 1. Let z(w) = -w**2 - 21*w - 57. Let u(l) = -3*l**2 - 62*l - 171. Let n(q) = 3*u(q) - 8*z(q). Let k be n(-14). Determine r(k).
3
Let z be (-231)/63 + 1/(-3). Let f = -1 - z. Suppose -3*y = -5*o - 34, 11 - 32 = f*o - 2*y. Let d(x) = -x + 1. Determine d(o).
6
Let w(u) be the first derivative of -u**4/4 + 4*u**3/3 + 4*u**2 - 8*u - 2327. Give w(-4).
88
Let m(l) = -5*l + 1 + 2*l - 112*l**3 + 111*l**3 - 3 + 4*l**2 + l. Let c be (-22)/(-77) + 38/14. Calculate m(c).
1
Let f(n) be the third derivative of 43*n**2 + 0*n + 1/60*n**5 + 1/3*n**3 + 0 - 1/6*n**4. Calculate f(3).
-1
Let d(c) = 2*c**3 + 19*c**2 + 21*c - 53. Let s(j) = -3*j**3 - 29*j**2 - 33*j + 80. Let u(z) = -8*d(z) - 5*s(z). What is u(-6)?
6
Let a(j) = 2*j**2 - 17*j + 40. Let o be (-69 - -24)*(-14)/126. Give a(o).
5
Let x(k) = k**2 - 6*k - 14. Suppose 15*b - 36 - 62 = 67. Calculate x(b).
41
Let v be (21/(-4))/((-84)/48). Let j(s) = -2*s**3 + 8*s**2 - 9*s + 2. What is j(v)?
-7
Let y(h) = h**3 - 6*h**2 + h - 2. Let u = -545 + 675. Let t = -124 + u. Calculate y(t).
4
Let a(n) = n**3 - 2*n**2 + 6*n**2 + 3*n + 0*n**3. Suppose -69*q + 58 - 108 - 226 = 0. What is a(q)?
-12
Let b(v) = 3*v - 3. Let w(y) = 4*y - 4. Let t(s) = 3*b(s) - 2*w(s). Suppose 0 = -95*i + 110*i - 45. What is t(i)?
2
Let j(r) = -9*r**3 + r + 1. Suppose -39*h = 2*h + 41. Give j(h).
9
Let h(n) = 6*n - 2. Let m(w) = -5*w + 2. Suppose 4*c - 5*p - 12 = 0, 66 = 5*c - 2*p + 51. Let u(j) = c*h(j) + 4*m(j). What is u(-1)?
4
Let n(p) = -p**2 + 86*p - 86. Let y be n(85). Let o(l) = -22*l**2 + 2*l + 2. Calculate o(y).
-22
Let t = 0 + 4. Let a(v) = -9*v**3 - 5*v**2 + 63. Let k(o) = 7*o**3 + 5*o**2 - o - 51. Let n(b) = -4*a(b) - 5*k(b). Calculate n(t).
7
Let x = -12 + 6. Let k(b) be the second derivative of -b**5/20 - b**4/2 - b**3/3 + b**2/2 - 367*b. Give k(x).
13
Let z(u) be the first derivative of 40 - 1/2*u**2 + 8*u. Determine z(-6).
14
Let i(x) = 3*x + 6. Let g = 43 + -52. Let l = 10 + g. Let k be (3 - l) + -9 - -1. What is i(k)?
-12
Let d(b) be the third derivative of b**5/60 - 7*b**4/24 + 7*b**3/6 - 19*b**2 + 74. What is d(4)?
-5
Let p(u) = -3*u + 5. Let j be p(4). Let r(c) = c**3 + 3*c**2 - 2. Let i be r(-1). Let q(w) = -2*w + i*w + 3 - 3 - 4 + 5. What is q(j)?
15
Let a(w) = 2*w + 10. Suppose 4*k - y + 159 = 0, 2*k = 9*y - 4*y - 75. Let b be (4 - k/(-5))*2. Calculate a(b).
-6
Let a(n) = n**2 + 4*n - 2. Let k(z) = z**3 - 7*z**2 + z - 57. Let s be k(8). Suppose 0 = -3*x + 5*x + b + 9, -5*b = 5*x + s. Give a(x).
10
Let b(n) = 160*n - n**2 + 13 - 207*n + 31 + 68*n. Calculate b(-2).
-2
Let k(i) = 2*i**3 + 5*i**2 - 6*i - 4. Let a be k(-4). Let p be (-4)/18 - -4*a/(-18). Let f(r) = 3*r - 8. Determine f(p).
10
Let p(t) = -15 + 14*t**2 + 5*t + 7*t**2 - 3*t**2 + 6 - 17*t**2. Calculate p(4).
27
Let b = -3157 - -3156. Let l(w) = -92*w**3 - 2*w**2 - w. What is l(b)?
91
Let r(a) = -2*a**2 - 5*a - 5. Let v(t) = -t**2 - 15*t - 208. Let b be v(-24). Let i = b - -421. Calculate r(i).
-8
Let x(f) = -8*f - 4. Let m(s) = 16*s + 9. Let k(i) = -3*m(i) - 7*x(i). Suppose 10*b + 5*g = 65, 39 = -3*b - 20*g + 25*g. Give k(b).
17
Let o(f) = 2*f**2 - 15*f + 41. Let b = -6258 - -6262. What is o(b)?
13
Suppose 0 = 6*y - 32 - 106. Let n = 29 - y. Let d(j) = -13 + n - j + 2. Calculate d(-6).
1
Suppose 2 = -90*b + 89*b. Let y(s) be the third derivative of s**6/120 + s**4/24 - 2*s**2 - 176*s. Determine y(b).
-10
Let h(n) be the third derivative of n**4/24 + 7*n**3/3 - 2*n**2 + 2851*n + 8. Suppose -i = -4*i - 24. What is h(i)?
6
Let n be ((-8)/24)/(112/(-36) - -3). Let c(f) = f**3 - 4*f + 0*f**2 - 3 + 5*f**2 - 2*f**2 + 0*f**n. Give c(-3).
9
Let j be 3*(1 - -1) + 1911/(-39) + 39. Let y(f) = 385*f + 1545. Determine y(j).
5
Let r(m) = -8*m**2 + 0 - 1 - m**2 + 2 - 2*m. Let c be (-130)/(-130)*(-1)/(-1). Give r(c).
-10
Let o(a) = -9*a - 59. Let k(h) = -10*h - 66. Let v(d) = 5*k(d) - 6*o(d). Give v(-4).
8
Let z(b) = 4*b**3 - 12*b**2 - 12*b + 15. Let s(c) = -c**3 - c - 2. Let m(p) = -3*s(p) - z(p). Let x be 1*13/(-1)*(2 + -3). Calculate m(x).
17
Suppose -2*j + 167 = 179. Let t(y) = 38*y - 4 + 2*y**2 - 46*y + y**2 - 4*y**2. What is t(j)?
8
Let p(u) = u + 1. Let o be p(4). Let w(c) = c**2 + c. Let r be w(-1). Suppose o*d - 2*d + 6 = r. Let n(i) = -3*i - 2. What is n(d)?
4
Let d(p) = -p. Let g be (-351 - 1) + (-5)/(-10)*-6. Let w = 362 + g. Calculate d(w).
-7
Let f(x) be the second derivative of x**6/720 - x**5/120 - 109*x**4/12 - x**2/2 - 12*x + 2. Let r(b) be the third derivative of f(b). Give r(11).
10
Let w(v) = 642*v - 1918. Let x be w(3). Let q(y) = y**2 - 2*y - 48. Calculate q(x).
0
Let j(p) = 59 + 4*p - 2*p - 3*p**2 - 19 - 13 - 20. Give j(3).
-14
Let s = 10 + -20. Let r(u) = 752*u - u**3 - 6*u**2 - 76 + 99 - 375*u - 3*u**2 - 365*u. Give r(s).
3
Let o(r) be the first derivative of -5*r**3/3 - 5*r**2/2 + r + 1228. What is o(-3)?
-29
Let f(s) = s**3 + 92*s**2 - 281*s + 410. Let p be f(-95). Let v(g) = g**3 - 30*g**2 - 2*g + 65. Determine v(p).
5
Let w(f) be the second derivative of -f**4/12 + 19*f**3/6 - 53*f**2/2 + 2865*f. Calculate w(10).
37
Let r(t) = 7*t. Suppose 30*f - 9*f - 84 = 0. Suppose 0 = -4*y + f*p + 20, -3*y - p = 6 - 5. Determine r(y).
7
Let s(w) = w**2 + 8*w - 24. Let m(y) = -3*y + 18. Let h(o) = -2*o + 14. Let i(g) = -4*h(g) + 3*m(g). Let r(l) = -5*i(l) + s(l). What is r(-14)?
0
Let w(d) = -78*d - 64. Suppose -22*o + 17*o + 13 = 2*v, v - 3*o = -10. Give w(v).
14
Let m(i) = 8 + 3*i**2 + 0*i**2 - 2100*i + 2097*i + 0*i**2. Calculate m(6).
98
Suppose -5 = 3*b + 13, -o - b = 13. Let s(k) = -k**2 + 7*k + 97. Determine s(o).
-1
Let x(y) = 13*y - 21. Let j be 13/((-117)/(-12)) + 55/33. What is x(j)?
18
Let f(o) = 494*o + 1 - 983*o - 6*o**2 + 5*o**3 - 4*o**3 + 485*o - 27. Determine f(7).
-5
Let f be -2 + (-23)/((-345)/(-30)). Let l(t) = 2*t**3 + 5*t**2 - 8*t + 1. Calculate l(f).
-15
Let y(q) = -16*q**2 - 164*q - 35. Let w be y(-10). Let o(m) = -4*m - 2*m + 2*m - 2*m**2 - 1 + 3*m**2. Calculate o(w).
4
Let u(g) = g**2 + 18*g + 30. Let s be (1624/(-266) + 6)*19. Determine u(s).
-2
Let y(s) = 10. Let f(c) = c - 77. Let u(d) = 2*f(d) + 17*y(d). Calculate u(-8).
0
Let m be (-10*28/(-770))/(4/22). Let u(c) be the first derivative of -9 - 8*c - m*c**2 + 1/3*c**3. Calculate u(6).
4
Let f = 126 - 330. Let p = f - -200. Let y(j) = 3*j + 2. Give y(p).
-10
Let u(v) = -94*v**2 - v + 5 - 3*v - 95*v**2 + 284*v**2 - 96*v**2. Determine u(-9).
-40
Let u = 1035 + -1040. Let c(j) = -11*j + 15. Let z(v) = 7*v - 10. Let k be -2 - 12/(4/2). Let o(i) = k*z(i) - 5*c(i). Determine o(u).
10
Let n(x) be the third derivative of 0 + 0*x + 0*x**6 - 1/24*x**4 + 0*x**5 + 27*x**2 + 2*x**3 + 1/840*x**7. Let y(o) be the first derivative of n(o). Give y(-1).
-2
Let x be (((-12960)/225)/(-32))/(6/(-10)). Let q(k) = 4*k**3 + k**2 - 2*k - 2. Let y(s) = -7*s**3 - 2*s**2 + 5*s + 4. Let w(h) = 5*q(h) + 3*y(h). What is w(x)?
5
Let r(t) = 5*t**2 - 6*t + 6. Let p(b) = 192*b + 2499. Let a be p(-13). Calculate r(a).
33
Let d(g) = -82*g + 37. Let a be d(-8). Let s(c) = 0*c**3 + 3 - a*c**2 - c**3 - 5*c + 688*c**2. Suppose 0 = w + 5*i + 29, 2*w - i - 3*i = 12. Give s(w).
7
Let i(o) = 2*o**3 - 3*o**2 + o + 3. Let n(u) = 7*u**3 - 8*u**2 + 3*u + 8. Suppose m + 8 = -0. Let d(a) = m*i(a) + 3*n(a). Determine d(-1).
-6
Let z(m) = -m**3 + 6*m**2 + 8. Suppose -19*b = 63 - 25. Let r be (b - 16)*3/(-9). Determine z(r).
8
Let f(b) = -2*b**2 + 17*b - 21. Suppose 10 = 2*o - 1 - 1. Calculate f(o).
9
Let t(x) = -5*x - 6. Let c(z) = -z - 1. Let v(k) = -4*c(k) + t(k). Let y = 6424 + -6415. Give v(y).
-11
Let o = 1449 + -1444. Suppose -o*l - 40 = -5*f, 2*f - 3*f + 2 = l. Let t(d) be the third derivative of -d**4/24 - d**3/6 + d**2. Calculate t(f).
-6
Suppose 0 = 10*v + 12 - 32. Let m(a) = -v + a**2 + 13*a + 3*a - 19*a. Give m(4).
2
Let i(n) = -2*n**2 - 57*n + 88. Let z be i(-30). Let g(y) = 3*y**2 + 6*y + 5. Let m(v) = 17*v**2 + 31*v + 23. Let o(w) = z*m(w) + 11*g(w). Calculate o(5).
4
Let x(m) = -4*m + 1. Let z(b) = b + 1. Let d(y) = -4*y - 87. Let o be d(-22). Let h(q) = o*x(q) + 5*z(q). What is h(-7)?
-1
Let j(b) = -b**3 + 7*b**2 + 4*b + 10. Let d(s) = 3 + 2984*s - 3 + 2 - 2983*s. Let v(f) = -5*d(f) + j(f). Determine v(4).
44
Suppose v - 5*m - 31 =